et k be 1/(-4) - 417/(-4). What is the greatest common divisor of k and c?
13
Suppose 898*y = 3207*y - 378676. Suppose 0*k - 5*k = m - 64, 3*k + 3*m - 48 = 0. Calculate the highest common divisor of y and k.
4
Let w = -52 - -49. Let q be (-4 + 1 + (15 - 13))*w. Calculate the highest common divisor of 12 and q.
3
Let w be -2 - 6/4*214. Let t = w + 883. Suppose -7*h - 140 = -t. Calculate the greatest common divisor of 24 and h.
12
Let t = 0 - -7. Let l(n) = 6*n + 7. Let d be l(3). Suppose b - d*b + 168 = 0. What is the greatest common divisor of b and t?
7
Suppose 6336 = -3*a + 25*a. Suppose 0 = -12*s + 144 + a. Let i(t) = 287*t**2 - t. Let l be i(-1). What is the highest common factor of l and s?
36
Let l = -878 + 999. What is the highest common factor of 1529 and l?
11
Let b(z) = 4*z**2 - 21*z + 68. Let d be b(4). Let j = -381 - -493. What is the highest common factor of d and j?
16
Let x be (-354)/(-1593) + 2/(3 + (-1002)/340). What is the highest common factor of 2641 and x?
19
Let r be ((-51)/9 + (-13 - -18))*-141*1. Calculate the highest common divisor of 6439 and r.
47
Suppose 25 = -3*v + 58. Let u(f) = f - 8. Let k be u(v). Suppose -k*t - 319 = -14*t. What is the highest common divisor of t and 87?
29
Let p = 7000 - 4594. Calculate the highest common divisor of p and 18.
6
Let l = 95 - 67. Suppose -l = -23*o + 41. What is the highest common factor of o and 81?
3
Let k be -1 + (27/(-36))/(3/(-12)). Suppose -k*x + 3*n + 150 = -0*x, 2*n = -x + 89. What is the highest common divisor of 9 and x?
9
Suppose -5069*r = -5003*r - 4752. Let o be (-1 + (2 - -1))*4. What is the highest common factor of r and o?
8
Suppose 2*g = 3*g - 2. Suppose g*v + 8 - 22 = 0. Suppose -2*m = -4*m + 14. What is the greatest common divisor of m and v?
7
Suppose -3*y + 138 = -3*f, -9*y + 7*y + f + 91 = 0. What is the greatest common divisor of 12165 and y?
15
Let c = -646 - -688. Let r = -338 + 344. What is the greatest common factor of c and r?
6
Let c be (-6 - -7)/((-1)/(-7)). Suppose 2*m - c = 1. Suppose 3*v = 15, -111 = -2*r - v + m*v. What is the highest common divisor of r and 9?
9
Suppose -5*j - i + 3622 = 0, 1095*i + 1453 = 2*j + 1094*i. Suppose -k + 174 = 2*k. What is the highest common divisor of j and k?
29
Suppose -624 = -5*t - t. Let m(q) = -41*q - 466. Let d be m(-12). Calculate the greatest common factor of t and d.
26
Let q = -4628 - -4659. Calculate the greatest common divisor of q and 9.
1
Let f = 3295 - 2273. What is the greatest common divisor of f and 14?
14
Suppose 24 = 480*m - 476*m. Let z be (15 + -9 + -10)*-4*m. What is the highest common factor of 60 and z?
12
Let c(a) = -63*a + 2393. Let m be c(37). What is the highest common factor of 5022 and m?
62
Let l(w) = 196*w + 981. Let k be l(-5). What is the greatest common divisor of 13 and k?
1
Let a be 1 + 2 - (-23 - -13 - 75). Let d(n) = -n**2 + 6*n + 8. Let r be d(6). What is the greatest common divisor of r and a?
8
Let s be 5 + (-226)/(-6) + 1/3. Let k(l) = l**2 + 48*l + 258. Let m be k(-43). What is the greatest common factor of s and m?
43
Suppose 0 = 3*n + 2*m - 196 - 231, 5*m - 415 = -3*n. Calculate the highest common divisor of 4263 and n.
29
Suppose -115924 = 1868*b - 2014*b. Calculate the highest common divisor of b and 2.
2
Let m = -53 + 143. Suppose 5*z = 6*z - m. What is the highest common divisor of z and 36?
18
Suppose 0 = 12*i - 8*i - 8. Suppose 2*h + 18 = i*f + h, 0 = -2*f + 3*h + 14. Suppose f*m - 180 = 7*m. What is the highest common divisor of 24 and m?
12
Let c(k) be the second derivative of -7*k**3/6 + 63*k**2/2 - 71*k. Let g be c(-11). Calculate the highest common factor of g and 112.
28
Let q be (-20)/(-6)*2412/15. Suppose -b = -q + 431. What is the highest common factor of 35 and b?
35
Let i be 2/(-3) - (-979)/33. Let d = 938 - 822. Calculate the highest common divisor of i and d.
29
Let s = 403 - 375. Let i(d) = 12*d + 438. Let u be i(-33). What is the greatest common divisor of s and u?
14
Let j(m) = 1681*m + 132. Let o be j(0). Calculate the highest common factor of 1476 and o.
12
Let s be 627/6 - 4/8. Let d = s - 83. Calculate the highest common divisor of d and 21.
21
Suppose 344*v - 26 = 342*v + 2*m, -v = 5*m + 23. Calculate the highest common factor of v and 11.
1
Suppose -50 = 13*o - 23*o. Suppose -34 = -4*w - 5*x, 2*x + 14 = -o*w + 48. Calculate the greatest common factor of w and 18.
6
Let d(z) = -36*z + 62. Let y(p) = -3*p - 1. Let c(j) = -d(j) + 6*y(j). Let v be c(14). What is the greatest common factor of 8 and v?
8
Let v be (182/(-39) + 6)/(-1 + 149/147). What is the highest common divisor of 322 and v?
14
Let b(d) = 46*d**3 - 3*d**2 - 2*d - 2. Suppose 0 = o + 2*f + 5, -7 + 2 = -3*o - f. Let m be b(o). Calculate the greatest common factor of 71 and m.
71
Let n be -16*(-21)/(-84)*-34. Calculate the greatest common divisor of n and 1853.
17
Let n(q) = 84*q**2 + 286*q - 1155. Let a be n(4). Calculate the greatest common factor of 62 and a.
31
Let c be ((-26910)/(-21))/(3776/413 - (0 - -9)). Calculate the greatest common factor of c and 30.
30
Suppose 320 = -3*k - y, y + 89 = -2*k - 124. Let m be 7 + (6 - 10) - k. Calculate the greatest common factor of m and 30.
10
Let v be (3 - 66/30)*30. Suppose 2736 = v*h - 15*h. What is the greatest common divisor of 228 and h?
76
Let f = 216 - 176. Suppose -3*x = -2*v + 15, -4*v - x - 4*x + 85 = 0. What is the greatest common factor of v and f?
5
Let l = -1951 + 9374. Calculate the highest common divisor of l and 13.
13
Let v(a) = 257*a**3 - 2*a**2 + 4*a - 3. Let d be v(1). Let l = d - 226. Calculate the highest common divisor of l and 50.
10
Suppose 4*o = -56*g + 55*g + 23142, -3*o - 4*g = -17363. Calculate the highest common divisor of o and 13.
13
Suppose -291*d = 70762 - 536944. Calculate the greatest common factor of 396 and d.
18
Suppose 4*y - 274 = 2*o - 18, 5*o = -y + 53. Let a = 22 + -22. Suppose 0 = -a*d - 4*d + 56. Calculate the highest common factor of y and d.
7
Let m = 540 - -4122. What is the highest common divisor of m and 148?
74
Let m be (-1)/(-11)*3566 + (264/121)/(-12). Calculate the greatest common divisor of 84 and m.
12
Suppose -4*u + 7*u = c + 424, -5*u - 5*c + 760 = 0. Calculate the greatest common divisor of u and 2412.
36
Suppose 149*m = 164*m - 1125. Suppose -175 = 2*l - 3*l. What is the greatest common factor of m and l?
25
Suppose 5248 = 8*r - 240. Suppose r = 9*h - 2275. What is the greatest common divisor of h and 47?
47
Let r be (62/4 + 1)*(26 + -28 + 4). What is the greatest common divisor of r and 275?
11
Suppose -15366 + 16707 + 39651 = 96*h. Calculate the highest common divisor of h and 1891.
61
Suppose 0 = -1066*p + 1079*p - 2158. Calculate the highest common factor of p and 4.
2
Let o(h) = 3*h**2 - 5*h - 4. Let r(y) = y**3 + 12*y**2 + 20*y - 3. Let f be r(-10). Let q be o(f). What is the highest common factor of 152 and q?
38
Suppose 0 = 2*f - 128 - 560. Suppose p + f = -5*w + 7*w, 5*p = -w + 194. Calculate the highest common factor of w and 116.
58
Let v = 88 - 43. Let s be (7950/636)/((-10)/(-4)). Calculate the highest common divisor of s and v.
5
Let d be -6*5/(-10) - 1. Suppose 5*u = -25, -3*l + 50 = -3*u + d*u. Let z be (0 - l/6)*-8. Calculate the greatest common divisor of 30 and z.
10
Suppose 4*v + 3*i + 124 = -i, -v + 2*i - 22 = 0. Let b be (-336)/(-9)*((-1701)/v)/9. What is the greatest common factor of 140 and b?
28
Suppose 4*k + 12 = 0, 3*k + k + 1242 = 2*b. What is the greatest common factor of b and 60?
15
Let v(y) = -48*y**3 + 2*y**2 + 2*y + 1. Let o be v(-1). Suppose 245 = -44*n + o*n. Let t = n - 14. What is the greatest common divisor of t and 14?
7
Let n be ((-2)/(-3))/(8/(-1380)). Let q = 132 + n. Suppose 244 = 4*g - 232. Calculate the greatest common factor of q and g.
17
Let c = -35 - -26. Let n be (-8)/1*117/c. Suppose 10*g - n = 2*g. What is the greatest common factor of 26 and g?
13
Let m be (3 - -62) + -1 + 2. Let b be ((-55)/(-7) - -4) + 31/217. Calculate the greatest common divisor of b and m.
6
Let j be (-3)/(6/5)*-130. Let m = -239126 - -239139. What is the greatest common divisor of m and j?
13
Suppose -d - 549 = 2*d + 3*c, -2*d = c + 364. Let r = -97 - d. Let f(a) = -a**2 + 10*a + 12. Let m be f(9). Calculate the greatest common divisor of r and m.